
False
Does 31 divide 573221?
True
Is 797632 a multiple of 39?
False
Is 326 a factor of 9886928?
True
Is 18 a factor of 1877850?
True
Is 39346 a multiple of 16?
False
Does 20 divide 189340?
True
Is 982 a factor of 1752870?
True
Is 228 a factor of 414265?
False
Is 149817 a multiple of 23?
False
Is 8 a factor of 6874856?
True
Does 14 divide 108627?
False
Does 8 divide 210429?
False
Does 16 divide 242358?
False
Is 4753 a multiple of 7?
True
Is 98 a factor of 650426?
True
Is 1738560 a multiple of 8?
True
Is 2673517 a multiple of 7?
True
Is 30 a factor of 12015450?
True
Is 4 a factor of 78179?
False
Does 191 divide 210942?
False
Does 379 divide 377863?
True
Does 776 divide 18930673?
False
Does 118 divide 432?
False
Does 235 divide 257745?
False
Is 1742428 a multiple of 106?
True
Is 419 a factor of 6338632?
True
Is 1626470 a multiple of 3?
False
Is 498 a factor of 114250?
False
Is 183204 a multiple of 42?
True
Is 2984550 a multiple of 150?
True
Is 766072 a multiple of 217?
False
Is 90770 a multiple of 29?
True
Is 125 a factor of 150125?
True
Does 68 divide 1656208?
True
Is 1990674 a multiple of 98?
True
Does 17 divide 542227?
False
Is 16 a factor of 17521680?
True
Is 83 a factor of 121422?
False
Does 163 divide 181500?
False
Is 18476 a multiple of 10?
False
Is 65448 a multiple of 54?
True
Is 6279966 a multiple of 23?
True
Is 232 a factor of 6656544?
True
Is 10 a factor of 176720?
True
Is 203 a factor of 1671908?
True
Does 51 divide 3082090?
False
Does 12 divide 509772?
True
Does 137 divide 26438961?
False
Is 402 a factor of 126226?
False
Does 94 divide 2834852?
True
Is 1480160 a multiple of 40?
True
Is 2288190 a multiple of 30?
True
Is 9704325 a multiple of 647?
False
Is 39 a factor of 23910?
False
Is 2 a factor of 2055?
False
Is 929556 a multiple of 36?
True
Is 62178 a multiple of 49?
False
Is 1107700 a multiple of 418?
True
Is 191824 even?
True
Is 122973 a multiple of 5?
False
Is 67 a factor of 292532?
False
Is 30121623 a multiple of 441?
True
Does 28 divide 19830093?
False
Does 2 divide 326838?
True
Is 162272 a multiple of 32?
True
Is 57 a factor of 16960891?
False
Is 76 a factor of 235372?
True
Does 44 divide 208185?
False
Is 1581937 a multiple of 550?
False
Is 12386370 a multiple of 255?
True
Is 272745 a multiple of 3?
True
Does 156 divide 1075464?
True
Is 803196 a multiple of 81?
True
Is 177 a factor of 4293243?
False
Is 44956 a multiple of 4?
True
Is 15616 a multiple of 244?
True
Is 103880 a multiple of 98?
True
Is 33712 a multiple of 43?
True
Does 1510 divide 9822206?
False
Is 419387 a multiple of 22?
False
Is 12 a factor of 32749?
False
Is 103 a factor of 923910?
True
Is 411846 a multiple of 401?
False
Is 105 a factor of 1038347?
False
Is 227 a factor of 6393909?
True
Is 49742 a multiple of 38?
True
Is 41 a factor of 1337256?
True
Does 72 divide 216864?
True
Does 35 divide 19354?
False
Is 99079 a multiple of 47?
False
Is 62 a factor of 475442?
False
Is 3698613 a multiple of 111?
False
Is 405 a factor of 8319510?
True
Does 71 divide 241699?
False
Is 85760 a multiple of 177?
False
Does 1249 divide 4589363?
False
Is 299132 a multiple of 34?
True
Is 94911 a multiple of 3?
True
Is 4 a factor of 386774?
False
Does 53 divide 1751385?
True
Does 76 divide 152608?
True
Does 245 divide 250635?
True
Does 13 divide 11648130?
True
Is 35 a factor of 551900?
False
Is 517208 a multiple of 136?
True
Is 116388 a multiple of 36?
True
Is 272 a factor of 189720?
False
Does 27 divide 16011?
True
Is 11351 a multiple of 252?
False
Is 15 a factor of 12998829?
False
Is 19491 a multiple of 9?
False
Is 9393313 a multiple of 208?
False
Does 13 divide 705978?
True
Does 320 divide 11637760?
True
Does 433 divide 27545295?
True
Is 157 a factor of 481947?
False
Is 23 a factor of 8066330?
True
Is 1728705 a multiple of 15?
True
Is 2882848 a multiple of 52?
False
Is 7 a factor of 137473?
True
Does 5 divide 329391?
False
Is 424298 a multiple of 14?
True
Is 60840 a multiple of 52?
True
Is 49 a factor of 905765?
True
Does 43 divide 154413?
True
Is 3584 a multiple of 28?
True
Is 1290842 a multiple of 20?
False
Is 17 a factor of 122259?
False
Is 5177676 a multiple of 159?
True
Is 23565 a multiple of 15?
True
Is 11 a factor of 75515?
True
Is 131384 a multiple of 11?
True
Is 52 a factor of 61204?
True
Is 124350 a multiple of 72?
False
Is 365 a factor of 8797230?
True
Is 9402428 a multiple of 238?
True
Is 363372 a multiple of 283?
True
Is 149179 a multiple of 17?
False
Is 537 a factor of 478529?
False
Is 300 a factor of 109500?
True
Is 62017 a multiple of 108?
False
Is 32 a factor of 5870604?
False
Does 26 divide 6836542?
False
Is 72527 a multiple of 462?
False
Is 395784 a multiple of 8?
True
Does 173 divide 581107?
True
Is 5 a factor of 544610?
True
Is 374 a factor of 20373650?
True
Does 3 divide 58864?
False
Does 54 divide 14825178?
False
Is 48 a factor of 132768?
True
Is 476268 a multiple of 13?
True
Does 534 divide 87033?
False
Is 151 a factor of 1416682?
True
Does 16 divide 204096?
True
Does 154 divide 47683?
False
Does 16 divide 1049648?
True
Does 166 divide 1418304?
True
Is 850 a factor of 711450?
True
Is 60 a factor of 4739820?
True
Does 20 divide 4656860?
True
Is 12 a factor of 8686476?
True
Is 2 a factor of 87484?
True
Is 707 a factor of 670236?
True
Does 11 divide 177160?
False
Is 595 a factor of 2223926?
False
Is 23970 a multiple of 34?
True
Is 2730560 a multiple of 371?
True
Is 30 a factor of 1146540?
True
Is 85 a factor of 6419464?
False
Is 157 a factor of 1867829?
True
Does 253 divide 16241029?
False
Does 169 divide 2401997?
True
Is 4339582 a multiple of 11?
False
Does 94 divide 90992?
True
Is 623968 a multiple of 38?
False
Does 52 divide 8944?
True
Is 336470 a multiple of 71?
False
Does 350 divide 531300?
True
Does 36 divide 1235275?
False
Is 76 a factor of 13026324?
True
Does 11 divide 773355?
True
Does 36 divide 542844?
True
Does 145 divide 449645?
True
Is 4 a factor of 56759?
False
Is 242 a factor of 378246?
True
Is 316 a factor of 341912?
True
Is 1377231 a multiple of 298?
False
Does 302 divide 450886?
True
Is 11828779 a multiple of 173?
False
Does 11 divide 1667314?
True
Does 10 divide 4322211?
False
Does 30 divide 3533224?
False
Is 933085 a multiple of 550?
False
Is 8 a factor of 17172312?
True
Is 232 a factor of 1731066?
False
Is 1290079 a multiple of 12?
False
Is 12224294 a multiple of 31?
False
Is 16473 a multiple of 42?
False
Is 59 a factor of 11924667?
True
Is 265863 a multiple of 139?
False
Is 1498341 a multiple of 29?
False
Is 257082 a multiple of 185?
False
Is 213 a factor of 35997?
True
Is 152 a factor of 1458636?
False
Is 10 a factor of 44510?
True
Is 551231 a multiple of 100?
False
Is 417652 a multiple of 193?
True
Is 8934902 a multiple of 46?
True
Is 2549127 a multiple of 73?
False
Is 59451 a multiple of 39?
False
Does 3 divide 29040?
True
Does 11 divide 403755?
True
Is 473 a factor of 3874295?
False
Is 16 a factor of 1019730?
False
Does 22 divide 62656?
True
Is 71775 a multiple of 147?
False
Does 16 divide 251987?
False
Does 213 divide 1904859?
True
Does 68 divide 162044?
True
Is 3118759 a multiple of 1137?
False
Does 11 divide 1375594?
True
Does 24 divide 526560?
True
Does 22 divide 994950?
True
Is 2315269 a multiple of 8?
False
Does 8 divide 96412?
False
Is 145515 a multiple of 267?
True
Is 10474457 a multiple of 1904?
False
Is 89626 a multiple of 41?
True
Is 21 a factor of 368172?
True
Is 12 a factor of 405909?
False
Does 1039 divide 3896989?
False
Is 14 a factor of 251563?
False
Does 88 divide 1346598?
False
Is 108810 a multiple of 65?
True
Is 148 a factor of 1726568?
True
Does 7 divide 628110?
True
Does 4 divide 1677?
False
Does 26 divide 3253126?
False
Does 686 divide 418840?
False
Is 1832506 a multiple of 30?
False
Is 1481 a factor of 8782330?
True
Does 21 divide 7191?
False
Does 45 divide 1076440?
False
Does 50 divide 5584534?
False
Does 3 divide 208904?
False
Is 7464 a multiple of 10?
False
Is 21 a factor of 188540?
False
Is 19 a factor of 69255?
True
Is 5 a factor of 34685?
True
Does 1632 divide 3929780?
False
Is 1299483 a multiple of 46?
False
Does 349 divide 843882?
True
Is 169330 a multiple of 574?
True
Is 111 a factor of 26117?
False
Does 134 divide 23852?
True
Is 6753600 a multiple of 1680?
True
Is 10072640 a multiple of 8?
True
Is